{"id":147,"date":"2022-10-05T11:15:41","date_gmt":"2022-10-05T09:15:41","guid":{"rendered":"http:\/\/omusica.fr\/?page_id=147"},"modified":"2026-04-28T12:26:25","modified_gmt":"2026-04-28T10:26:25","slug":"accueil","status":"publish","type":"page","link":"https:\/\/omusica.fr\/","title":{"rendered":"Accueil"},"content":{"rendered":"<div data-colibri-id=\"147-c1\" class=\"style-217 style-local-147-c1 position-relative\">\n  <!---->\n  <div data-colibri-component=\"section\" data-colibri-id=\"147-c2\" id=\"custom-2\" class=\"h-section h-section-global-spacing d-flex align-items-lg-center align-items-md-center align-items-center style-1570 style-local-147-c2 position-relative\">\n    <!---->\n    <!---->\n    <div class=\"h-section-grid-container h-section-boxed-container\">\n      <!---->\n      <div data-colibri-id=\"147-c3\" class=\"h-row-container gutters-row-lg-2 gutters-row-md-2 gutters-row-0 gutters-row-v-lg-2 gutters-row-v-md-2 gutters-row-v-2 style-2893 style-local-147-c3 position-relative\">\n        <!---->\n        <div class=\"h-row justify-content-lg-center justify-content-md-center justify-content-center align-items-lg-stretch align-items-md-stretch align-items-stretch gutters-col-lg-2 gutters-col-md-2 gutters-col-0 gutters-col-v-lg-2 gutters-col-v-md-2 gutters-col-v-2\">\n          <!---->\n          <div class=\"h-column h-column-container d-flex h-col-lg-auto h-col-md-auto h-col-auto style-2894-outer style-local-147-c4-outer\">\n            <div data-colibri-id=\"147-c4\" class=\"d-flex h-flex-basis h-column__inner h-px-lg-2 h-px-md-2 h-px-2 v-inner-lg-2 v-inner-md-2 v-inner-2 style-2894 style-local-147-c4 position-relative\">\n              <!---->\n              <!---->\n              <div class=\"w-100 h-y-container h-column__content h-column__v-align flex-basis-100 align-self-lg-start align-self-md-start align-self-start\">\n                <!---->\n                <div data-colibri-id=\"147-c5\" class=\"h-lead h-text h-text-component style-1519 style-local-147-c5 position-relative h-element\">\n                  <!---->\n                  <!---->\n                  <div class=\"\">\n                    <p>Bienvenue sur le site internet d&#8217;O Musica, ensemble vocal du V\u00e9sinet, dans les Yvelines.\n                      <br>Fond\u00e9 en 1992, notre ensemble vocal regroupe deux ch\u0153urs d&#8217;adultes.\n                      <br>Nous nous produisons r\u00e9guli\u00e8rement&nbsp;en concert&nbsp;dans la boucle de Seine, \u00e0 Paris et en province.&nbsp;\n                      <br>Au programme de cette nouvelle saison musicale, des \u0153uvres romantique de Bartok, Delibes, Faur\u00e9, Saint-Sa\u00ebns, Brahms, Mendelssohn&#8230; Vous \u00eates les bienvenus \u00e0 nos prochains concerts le samedi 13 juin 2026 au V\u00e9sinet\n                      <br>et le samedi 20 juin \u00e0 Loches, en Touraine.<\/p>\n                  <\/div>\n                <\/div>\n              <\/div>\n            <\/div>\n          <\/div>\n        <\/div>\n      <\/div>\n      <div data-colibri-id=\"147-c6\" class=\"h-row-container gutters-row-lg-1 gutters-row-md-1 gutters-row-0 gutters-row-v-lg-1 gutters-row-v-md-1 gutters-row-v-1 style-1571 style-local-147-c6 position-relative\">\n        <!---->\n        <div class=\"h-row justify-content-lg-center justify-content-md-center justify-content-center align-items-lg-stretch align-items-md-stretch align-items-stretch gutters-col-lg-1 gutters-col-md-1 gutters-col-0 gutters-col-v-lg-1 gutters-col-v-md-1 gutters-col-v-1\">\n          <!---->\n          <div class=\"h-column h-column-container d-flex h-col-lg-auto h-col-md-auto h-col-auto style-1572-outer style-local-147-c7-outer\">\n            <div data-colibri-id=\"147-c7\" class=\"d-flex h-flex-basis h-column__inner h-px-lg-1 h-px-md-1 h-px-1 v-inner-lg-1 v-inner-md-1 v-inner-1 style-1572 style-local-147-c7 position-relative\">\n              <!---->\n              <!---->\n              <div class=\"w-100 h-y-container h-column__content h-column__v-align flex-basis-100 align-self-lg-start align-self-md-start align-self-start\">\n                <!---->\n                <div data-colibri-id=\"147-c8\" class=\"h-global-transition-all h-heading style-2338 style-local-147-c8 position-relative h-element\">\n                  <!---->\n                  <div class=\"h-heading__outer style-2338 style-local-147-c8\">\n                    <!---->\n                    <!---->\n                    <h4 class=\"\"><strong>Prochain concert : 13\/06 au V\u00e9sinet<\/strong><\/h4>\n                  <\/div>\n                <\/div>\n                <div data-colibri-id=\"147-c9\" class=\"d-block style-2120 style-local-147-c9 position-relative h-element\">\n                  <!---->\n                  <div class=\"h-image__frame-container-outer\">\n                    <a href=\"https:\/\/omusica.fr\/?page_id=1149\" target=\"_blank\" h-use-smooth-scroll=\"true\" class=\"image-link\">\n                      <div class=\"h-image__frame-container\">\n                        <!---->\n                        <!---->\n                        <img loading=\"lazy\" decoding=\"async\" width=\"1414\" height=\"2000\" src=\"https:\/\/omusica.fr\/wp-content\/uploads\/2026\/04\/Affiche-concert-O-Musica-13-juin-2026-Vesinet.jpg\" class=\"wp-image-6370 style-2120-image style-local-147-c9-image\" alt=\"Affiche concert O Musica 13 juin 2026 V\u00e9sinet\" srcset=\"https:\/\/omusica.fr\/wp-content\/uploads\/2026\/04\/Affiche-concert-O-Musica-13-juin-2026-Vesinet.jpg 1414w, https:\/\/omusica.fr\/wp-content\/uploads\/2026\/04\/Affiche-concert-O-Musica-13-juin-2026-Vesinet-212x300.jpg 212w, https:\/\/omusica.fr\/wp-content\/uploads\/2026\/04\/Affiche-concert-O-Musica-13-juin-2026-Vesinet-724x1024.jpg 724w, https:\/\/omusica.fr\/wp-content\/uploads\/2026\/04\/Affiche-concert-O-Musica-13-juin-2026-Vesinet-768x1086.jpg 768w, https:\/\/omusica.fr\/wp-content\/uploads\/2026\/04\/Affiche-concert-O-Musica-13-juin-2026-Vesinet-1086x1536.jpg 1086w\" sizes=\"auto, (max-width: 1414px) 100vw, 1414px\" \/>\n                        <div class=\"h-image__frame h-hide-lg h-hide-md h-hide-sm style-2120-frameImage style-local-147-c9-frameImage\"><\/div>\n                      <\/div>\n                    <\/a>\n                  <\/div>\n                <\/div>\n              <\/div>\n            <\/div>\n          <\/div>\n          <div class=\"h-column h-column-container d-flex h-col-lg-auto h-col-md-auto h-col-auto style-1573-outer style-local-147-c10-outer\">\n            <div data-colibri-id=\"147-c10\" class=\"d-flex h-flex-basis h-column__inner h-px-lg-1 h-px-md-1 h-px-1 v-inner-lg-1 v-inner-md-1 v-inner-1 style-1573 style-local-147-c10 position-relative\">\n              <!---->\n              <!---->\n              <div class=\"w-100 h-y-container h-column__content h-column__v-align flex-basis-100 align-self-lg-start align-self-md-start align-self-start\">\n                <!---->\n                <div data-colibri-id=\"147-c11\" class=\"h-global-transition-all h-heading style-388 style-local-147-c11 position-relative h-element\">\n                  <!---->\n                  <div class=\"h-heading__outer style-388 style-local-147-c11\">\n                    <!---->\n                    <!---->\n                    <a href=\"https:\/\/omusica.fr\/?page_id=1142\" h-use-smooth-scroll=\"true\">\n                      <h4 class=\"\"><strong>D\u00e9couvrir nos deux ch\u0153urs<\/strong><\/h4>\n                    <\/a>\n                  <\/div>\n                <\/div>\n                <div data-colibri-id=\"147-c12\" class=\"d-block style-387 style-local-147-c12 position-relative h-element\">\n                  <!---->\n                  <div class=\"h-image__frame-container-outer\">\n                    <a href=\"https:\/\/omusica.fr\/?page_id=1140\" target=\"_blank\" h-use-smooth-scroll=\"true\" class=\"image-link\">\n                      <div class=\"h-image__frame-container\">\n                        <!---->\n                        <!---->\n                        <img loading=\"lazy\" decoding=\"async\" width=\"600\" height=\"400\" src=\"https:\/\/omusica.fr\/wp-content\/uploads\/2024\/11\/Deux-choeurs-O-Musica.png\" class=\"wp-image-5472 style-387-image style-local-147-c12-image\" alt=\"Deux choeurs O Musica\" srcset=\"https:\/\/omusica.fr\/wp-content\/uploads\/2024\/11\/Deux-choeurs-O-Musica.png 600w, https:\/\/omusica.fr\/wp-content\/uploads\/2024\/11\/Deux-choeurs-O-Musica-300x200.png 300w\" sizes=\"auto, (max-width: 600px) 100vw, 600px\" \/>\n                        <div class=\"h-image__frame h-hide-lg h-hide-md h-hide-sm style-387-frameImage style-local-147-c12-frameImage\"><\/div>\n                      <\/div>\n                    <\/a>\n                  <\/div>\n                <\/div>\n                <div data-colibri-id=\"147-c13\" class=\"h-text h-text-component style-1703 style-local-147-c13 position-relative h-element\">\n                  <!---->\n                  <!---->\n                  <div class=\"\">\n                    <p>D\u00e9couvrir notre ch\u0153ur adultes sous la direction de Pascal Bezard depuis 1999 et le ch\u0153ur &#8220;Temps libre des Campanules&#8221;, nos r\u00e9pertoires\n                      <br> et nos prochains concerts.<\/p>\n                  <\/div>\n                <\/div>\n                <div data-colibri-id=\"147-c14\" class=\"h-x-container style-390 style-local-147-c14 position-relative h-element\">\n                  <!---->\n                  <div class=\"h-x-container-inner style-dynamic-147-c14-group style-390-spacing style-local-147-c14-spacing\"><span class=\"h-link__outer style-391-outer style-local-147-c15-outer d-inline-flex h-element\"><a h-use-smooth-scroll=\"true\" href=\"https:\/\/omusica.fr\/?page_id=1140\" target=\"_blank\"  data-colibri-id=\"147-c15\" class=\"d-flex w-100 align-items-center h-link style-391 style-local-147-c15 position-relative\"><!----><!----> <span>&gt; En savoir +<\/span><\/a>\n                    <\/span>\n                  <\/div>\n                <\/div>\n              <\/div>\n            <\/div>\n          <\/div>\n          <div class=\"h-column h-column-container d-flex h-col-lg-auto h-col-md-auto h-col-auto style-1574-outer style-local-147-c16-outer\">\n            <div data-colibri-id=\"147-c16\" class=\"d-flex h-flex-basis h-column__inner h-px-lg-1 h-px-md-1 h-px-1 v-inner-lg-1 v-inner-md-1 v-inner-1 style-1574 style-local-147-c16 position-relative\">\n              <!---->\n              <!---->\n              <div class=\"w-100 h-y-container h-column__content h-column__v-align flex-basis-100 align-self-lg-start align-self-md-start align-self-start\">\n                <!---->\n                <div data-colibri-id=\"147-c17\" class=\"h-global-transition-all h-heading style-388 style-local-147-c17 position-relative h-element\">\n                  <!---->\n                  <div class=\"h-heading__outer style-388 style-local-147-c17\">\n                    <!---->\n                    <!---->\n                    <a href=\"https:\/\/omusica.fr\/index.php\/nous-rejoindre\/\" target=\"_blank\" h-use-smooth-scroll=\"true\">\n                      <h4 class=\"\"><strong>Nous rejoindre<\/strong><\/h4>\n                    <\/a>\n                  <\/div>\n                <\/div>\n                <div data-colibri-id=\"147-c18\" class=\"d-block style-387 style-local-147-c18 position-relative h-element\">\n                  <!---->\n                  <div class=\"h-image__frame-container-outer\">\n                    <a href=\"https:\/\/omusica.fr\/?page_id=784\" target=\"_blank\" h-use-smooth-scroll=\"true\" class=\"image-link\">\n                      <div class=\"h-image__frame-container\">\n                        <!---->\n                        <!---->\n                        <img decoding=\"async\" src=\"https:\/\/omusica.fr\/wp-content\/uploads\/2022\/10\/6.png\" class=\"style-387-image style-local-147-c18-image\">\n                        <div class=\"h-image__frame h-hide-lg h-hide-md h-hide-sm style-387-frameImage style-local-147-c18-frameImage\"><\/div>\n                      <\/div>\n                    <\/a>\n                  <\/div>\n                <\/div>\n                <div data-colibri-id=\"147-c19\" class=\"h-text h-text-component style-1704 style-local-147-c19 position-relative h-element\">\n                  <!---->\n                  <!---->\n                  <div class=\"\">\n                    <p>Vous appr\u00e9ciez de chanter en groupe, avec ou sans exp\u00e9rience dans un ch\u0153ur ? Vous cherchez un groupe convivial et soud\u00e9 ? Nous vous accueillons avec plaisir. Nous recrutons pour la saison prochaine. N&#8217;h\u00e9sitez pas \u00e0 nous contacter.<\/p>\n                  <\/div>\n                <\/div>\n                <div data-colibri-id=\"147-c20\" class=\"h-x-container style-390 style-local-147-c20 position-relative h-element\">\n                  <!---->\n                  <div class=\"h-x-container-inner style-dynamic-147-c20-group style-390-spacing style-local-147-c20-spacing\"><span class=\"h-link__outer style-391-outer style-local-147-c21-outer d-inline-flex h-element\"><a h-use-smooth-scroll=\"true\" href=\"https:\/\/omusica.fr\/?page_id=784\" target=\"_blank\"  data-colibri-id=\"147-c21\" class=\"d-flex w-100 align-items-center h-link style-391 style-local-147-c21 position-relative\"><!----><!----> <span>&gt; En savoir +<\/span><\/a>\n                    <\/span>\n                  <\/div>\n                <\/div>\n              <\/div>\n            <\/div>\n          <\/div>\n        <\/div>\n      <\/div>\n    <\/div>\n  <\/div>\n  <div data-colibri-component=\"section\" data-colibri-id=\"147-c22\" id=\"custom\" class=\"h-section h-section-global-spacing d-flex align-items-lg-center align-items-md-center align-items-center style-2927 style-local-147-c22 position-relative\">\n    <!---->\n    <!---->\n    <div class=\"h-section-grid-container h-section-boxed-container\">\n      <!---->\n      <div data-colibri-id=\"147-c23\" class=\"h-row-container gutters-row-lg-0 gutters-row-md-0 gutters-row-0 gutters-row-v-lg-0 gutters-row-v-md-0 gutters-row-v-0 style-2928 style-local-147-c23 position-relative\">\n        <!---->\n        <div class=\"h-row justify-content-lg-center justify-content-md-center justify-content-center align-items-lg-stretch align-items-md-stretch align-items-stretch gutters-col-lg-0 gutters-col-md-0 gutters-col-0 gutters-col-v-lg-0 gutters-col-v-md-0 gutters-col-v-0\">\n          <!---->\n          <div class=\"h-column h-column-container d-flex h-col-lg-auto h-col-md-auto h-col-auto style-2929-outer style-local-147-c24-outer\">\n            <div data-colibri-id=\"147-c24\" class=\"d-flex h-flex-basis h-column__inner h-px-lg-0 h-px-md-0 h-px-0 v-inner-lg-0 v-inner-md-0 v-inner-0 style-2929 style-local-147-c24 position-relative\">\n              <!---->\n              <!---->\n              <div class=\"w-100 h-y-container h-column__content h-column__v-align flex-basis-100 align-self-lg-start align-self-md-start align-self-start\">\n                <!---->\n                <div data-colibri-id=\"147-c25\" class=\"h-text h-text-component style-2934 style-local-147-c25 position-relative h-element\">\n                  <!---->\n                  <!---->\n                  <div class=\"\">\n                    <p>Nos partenaires :<\/p>\n                  <\/div>\n                <\/div>\n              <\/div>\n            <\/div>\n          <\/div>\n          <div class=\"h-column h-column-container d-flex h-col-lg-auto h-col-md-auto h-col-auto style-2930-outer style-local-147-c26-outer\">\n            <div data-colibri-id=\"147-c26\" class=\"d-flex h-flex-basis h-column__inner h-px-lg-0 h-px-md-0 h-px-0 v-inner-lg-0 v-inner-md-0 v-inner-0 style-2930 style-local-147-c26 position-relative\">\n              <!---->\n              <!---->\n              <div class=\"w-100 h-y-container h-column__content h-column__v-align flex-basis-100 align-self-lg-start align-self-md-start align-self-start\">\n                <!---->\n                <div data-colibri-id=\"147-c27\" class=\"d-block style-2932 style-local-147-c27 position-relative h-element\">\n                  <!---->\n                  <div class=\"h-image__frame-container-outer\">\n                    <a href=\"https:\/\/villeduvesinet.fr\/\" h-use-smooth-scroll=\"true\" class=\"image-link\">\n                      <div class=\"h-image__frame-container\">\n                        <!---->\n                        <!---->\n                        <img decoding=\"async\" src=\"https:\/\/omusica.fr\/wp-content\/uploads\/2024\/08\/mairie-ville-le-vesinet-150x150.png\" class=\"style-2932-image style-local-147-c27-image\">\n                        <div class=\"h-image__frame h-hide-lg h-hide-md h-hide-sm style-2932-frameImage style-local-147-c27-frameImage\"><\/div>\n                      <\/div>\n                    <\/a>\n                  <\/div>\n                <\/div>\n              <\/div>\n            <\/div>\n          <\/div>\n          <div class=\"h-column h-column-container d-flex h-col-lg-auto h-col-md-auto h-col-auto style-2931-outer style-local-147-c28-outer\">\n            <div data-colibri-id=\"147-c28\" class=\"d-flex h-flex-basis h-column__inner h-px-lg-0 h-px-md-0 h-px-0 v-inner-lg-0 v-inner-md-0 v-inner-0 style-2931 style-local-147-c28 position-relative\">\n              <!---->\n              <!---->\n              <div class=\"w-100 h-y-container h-column__content h-column__v-align flex-basis-100 align-self-lg-start align-self-md-start align-self-start\">\n                <!---->\n                <div data-colibri-id=\"147-c29\" class=\"d-block style-2933 style-local-147-c29 position-relative h-element\">\n                  <!---->\n                  <div class=\"h-image__frame-container-outer\">\n                    <a href=\"https:\/\/lescercles.fr\/\" h-use-smooth-scroll=\"true\" class=\"image-link\">\n                      <div class=\"h-image__frame-container\">\n                        <!---->\n                        <!---->\n                        <img decoding=\"async\" src=\"https:\/\/omusica.fr\/wp-content\/uploads\/2026\/04\/Agence-immobiliere-Les-Cercles-150x150.png\" class=\"style-2933-image style-local-147-c29-image\">\n                        <div class=\"h-image__frame h-hide-lg h-hide-md h-hide-sm style-2933-frameImage style-local-147-c29-frameImage\"><\/div>\n                      <\/div>\n                    <\/a>\n                  <\/div>\n                <\/div>\n              <\/div>\n            <\/div>\n          <\/div>\n        <\/div>\n      <\/div>\n    <\/div>\n  <\/div>\n<\/div>","protected":false},"excerpt":{"rendered":"<p>Bienvenue sur le site internet d&#8217;O Musica, ensemble vocal du V\u00e9sinet, dans les Yvelines. Fond\u00e9 en 1992, notre ensemble vocal regroupe deux ch\u0153urs d&#8217;adultes. Nous nous produisons r\u00e9guli\u00e8rement&nbsp;en concert&nbsp;dans la boucle de Seine, \u00e0 Paris et en province.&nbsp; Au programme de cette nouvelle saison musicale, des \u0153uvres romantique de Bartok, Delibes, Faur\u00e9, Saint-Sa\u00ebns, Brahms, Mendelssohn&#8230; [&hellip;]<\/p>\n","protected":false},"author":1,"featured_media":0,"parent":0,"menu_order":0,"comment_status":"closed","ping_status":"closed","template":"page-templates\/full-width-page.php","meta":{"_monsterinsights_skip_tracking":false,"_monsterinsights_sitenote_active":false,"_monsterinsights_sitenote_note":"","_monsterinsights_sitenote_category":0,"footnotes":""},"class_list":["post-147","page","type-page","status-publish","hentry"],"aioseo_notices":[],"_links":{"self":[{"href":"https:\/\/omusica.fr\/index.php?rest_route=\/wp\/v2\/pages\/147","targetHints":{"allow":["GET"]}}],"collection":[{"href":"https:\/\/omusica.fr\/index.php?rest_route=\/wp\/v2\/pages"}],"about":[{"href":"https:\/\/omusica.fr\/index.php?rest_route=\/wp\/v2\/types\/page"}],"author":[{"embeddable":true,"href":"https:\/\/omusica.fr\/index.php?rest_route=\/wp\/v2\/users\/1"}],"replies":[{"embeddable":true,"href":"https:\/\/omusica.fr\/index.php?rest_route=%2Fwp%2Fv2%2Fcomments&post=147"}],"version-history":[{"count":21,"href":"https:\/\/omusica.fr\/index.php?rest_route=\/wp\/v2\/pages\/147\/revisions"}],"predecessor-version":[{"id":6421,"href":"https:\/\/omusica.fr\/index.php?rest_route=\/wp\/v2\/pages\/147\/revisions\/6421"}],"wp:attachment":[{"href":"https:\/\/omusica.fr\/index.php?rest_route=%2Fwp%2Fv2%2Fmedia&parent=147"}],"curies":[{"name":"wp","href":"https:\/\/api.w.org\/{rel}","templated":true}]}}