{"id":779,"date":"2022-10-08T10:37:09","date_gmt":"2022-10-08T08:37:09","guid":{"rendered":"https:\/\/omusica.fr\/?page_id=779"},"modified":"2025-02-16T15:26:19","modified_gmt":"2025-02-16T14:26:19","slug":"nous-contacter","status":"publish","type":"page","link":"https:\/\/omusica.fr\/?page_id=779","title":{"rendered":"Nous contacter"},"content":{"rendered":"<div data-colibri-id=\"779-c1\" class=\"style-1179 style-local-779-c1 position-relative\">\n  <!---->\n  <div data-colibri-component=\"section\" data-colibri-id=\"779-c2\" id=\"initial-content\" class=\"h-section h-section-global-spacing d-flex align-items-lg-center align-items-md-center align-items-center style-1180 style-local-779-c2 position-relative\">\n    <!---->\n    <!---->\n    <div class=\"h-section-grid-container h-section-boxed-container\">\n      <!---->\n      <div data-colibri-id=\"779-c3\" class=\"h-row-container gutters-row-lg-2 gutters-row-md-2 gutters-row-0 gutters-row-v-lg-2 gutters-row-v-md-2 gutters-row-v-2 style-1181 style-local-779-c3 position-relative\">\n        <!---->\n        <div class=\"h-row justify-content-lg-center justify-content-md-center justify-content-center align-items-lg-stretch align-items-md-stretch align-items-stretch gutters-col-lg-2 gutters-col-md-2 gutters-col-0 gutters-col-v-lg-2 gutters-col-v-md-2 gutters-col-v-2\">\n          <!---->\n          <div class=\"h-column h-column-container d-flex h-col-lg-auto h-col-md-auto h-col-auto style-1182-outer style-local-779-c4-outer\">\n            <div data-colibri-id=\"779-c4\" class=\"d-flex h-flex-basis h-column__inner h-px-lg-2 h-px-md-2 h-px-2 v-inner-lg-2 v-inner-md-2 v-inner-2 style-1182 style-local-779-c4 position-relative\">\n              <!---->\n              <!---->\n              <div class=\"w-100 h-y-container h-column__content h-column__v-align flex-basis-100 align-self-lg-start align-self-md-start align-self-start\">\n                <!---->\n                <div data-colibri-id=\"779-c5\" class=\"h-global-transition-all h-heading style-1184 style-local-779-c5 position-relative h-element\">\n                  <!---->\n                  <div class=\"h-heading__outer style-1184 style-local-779-c5\">\n                    <!---->\n                    <!---->\n                    <h1 class=\"\"><strong>Nous contacter<\/strong><\/h1>\n                  <\/div>\n                <\/div>\n                <div data-colibri-id=\"779-c6\" class=\"h-text h-text-component style-1185 style-local-779-c6 position-relative h-element\">\n                  <!---->\n                  <!---->\n                  <div class=\"\">\n                    <p>Vous recherchez des informations sur notre ensemble vocal ?\n                      <br>Vous d\u00e9sirez avoir de plus amples informations sur&nbsp;nos concerts ?\n                      <br>Vous souhaitez nous rejoindre ?<\/p>\n                    <p>Contactez-nous en envoyant un message au&nbsp;<strong style=\"font-size: 20px; font-family: Assistant; color: rgb(9, 33, 42);\">06 62 92 73 34<\/strong><span style=\"font-size: 20px; font-family: Assistant; color: rgb(9, 33, 42); font-weight: 600;\">&nbsp;ou via les <\/span>\n                      <strong\n                        style=\"font-size: 20px; font-family: Assistant; color: rgb(9, 33, 42); font-weight: 600;\">r\u00e9seaux sociaux Facebook, Twitter et Instagram<\/strong>, ou encore par mail \u00e0 <strong>omusicaweb@gmail.com<\/strong>.<\/p>\n                    <p>Nous vous r\u00e9pondrons dans les plus brefs d\u00e9lais.<\/p>\n                    <p>Suivez-nous sur :<\/p>\n                  <\/div>\n                <\/div>\n              <\/div>\n            <\/div>\n          <\/div>\n        <\/div>\n      <\/div>\n    <\/div>\n  <\/div>\n  <div data-colibri-component=\"section\" data-colibri-id=\"779-c7\" id=\"custom\" class=\"h-section h-section-global-spacing d-flex align-items-lg-center align-items-md-center align-items-center style-2638 style-local-779-c7 position-relative\">\n    <!---->\n    <!---->\n    <div class=\"h-section-grid-container h-section-boxed-container\">\n      <!---->\n      <div data-colibri-id=\"779-c8\" class=\"h-row-container gutters-row-lg-0 gutters-row-md-0 gutters-row-0 gutters-row-v-lg-0 gutters-row-v-md-0 gutters-row-v-0 style-2639 style-local-779-c8 position-relative\">\n        <!---->\n        <div class=\"h-row justify-content-lg-center justify-content-md-center justify-content-center align-items-lg-stretch align-items-md-stretch align-items-stretch gutters-col-lg-0 gutters-col-md-0 gutters-col-0 gutters-col-v-lg-0 gutters-col-v-md-0 gutters-col-v-0\">\n          <!---->\n          <div class=\"h-column h-column-container d-flex h-col-lg-auto h-col-md-auto h-col-auto style-2640-outer style-local-779-c9-outer\">\n            <div data-colibri-id=\"779-c9\" class=\"d-flex h-flex-basis h-column__inner h-px-lg-0 h-px-md-0 h-px-0 v-inner-lg-0 v-inner-md-0 v-inner-0 style-2640 style-local-779-c9 position-relative\">\n              <!---->\n              <!---->\n              <div class=\"w-100 h-y-container h-column__content h-column__v-align flex-basis-100 align-self-lg-start align-self-md-start align-self-start\">\n                <!---->\n                <div data-colibri-id=\"779-c12\" class=\"h-x-container style-2643 style-local-779-c12 position-relative h-element\">\n                  <!---->\n                  <div class=\"h-x-container-inner style-dynamic-779-c12-group style-2643-spacing style-local-779-c12-spacing\"><span class=\"h-button__outer style-2644-outer style-local-779-c13-outer d-inline-flex h-element\"><a h-use-smooth-scroll=\"true\" href=\"https:\/\/www.facebook.com\/choeuromusica\"  data-colibri-id=\"779-c13\" class=\"d-flex w-100 align-items-center h-button justify-content-lg-center justify-content-md-center justify-content-center style-2644 style-local-779-c13 position-relative\"><!----><!----> <span>Facebook<\/span><\/a>\n                    <\/span>\n                  <\/div>\n                <\/div>\n              <\/div>\n            <\/div>\n          <\/div>\n          <div class=\"h-column h-column-container d-flex h-col-lg-auto h-col-md-auto h-col-auto style-2641-outer style-local-779-c10-outer\">\n            <div data-colibri-id=\"779-c10\" class=\"d-flex h-flex-basis h-column__inner h-px-lg-0 h-px-md-0 h-px-0 v-inner-lg-0 v-inner-md-0 v-inner-0 style-2641 style-local-779-c10 position-relative\">\n              <!---->\n              <!---->\n              <div class=\"w-100 h-y-container h-column__content h-column__v-align flex-basis-100 align-self-lg-start align-self-md-start align-self-start\">\n                <!---->\n                <div data-colibri-id=\"779-c14\" class=\"h-x-container style-2645 style-local-779-c14 position-relative h-element\">\n                  <!---->\n                  <div class=\"h-x-container-inner style-dynamic-779-c14-group style-2645-spacing style-local-779-c14-spacing\"><span class=\"h-button__outer style-2646-outer style-local-779-c15-outer d-inline-flex h-element\"><a h-use-smooth-scroll=\"true\" href=\"https:\/\/x.com\/OMusica78\"  data-colibri-id=\"779-c15\" class=\"d-flex w-100 align-items-center h-button justify-content-lg-center justify-content-md-center justify-content-center style-2646 style-local-779-c15 position-relative\"><!----><!----> <span>Twitter<\/span><\/a>\n                    <\/span>\n                  <\/div>\n                <\/div>\n              <\/div>\n            <\/div>\n          <\/div>\n          <div class=\"h-column h-column-container d-flex h-col-lg-auto h-col-md-auto h-col-auto style-2642-outer style-local-779-c11-outer\">\n            <div data-colibri-id=\"779-c11\" class=\"d-flex h-flex-basis h-column__inner h-px-lg-0 h-px-md-0 h-px-0 v-inner-lg-0 v-inner-md-0 v-inner-0 style-2642 style-local-779-c11 position-relative\">\n              <!---->\n              <!---->\n              <div class=\"w-100 h-y-container h-column__content h-column__v-align flex-basis-100 align-self-lg-start align-self-md-start align-self-start\">\n                <!---->\n                <div data-colibri-id=\"779-c16\" class=\"h-x-container style-2647 style-local-779-c16 position-relative h-element\">\n                  <!---->\n                  <div class=\"h-x-container-inner style-dynamic-779-c16-group style-2647-spacing style-local-779-c16-spacing\"><span class=\"h-button__outer style-2648-outer style-local-779-c17-outer d-inline-flex h-element\"><a h-use-smooth-scroll=\"true\" href=\"https:\/\/www.instagram.com\/choeur.omusica.vesinet\/\"  data-colibri-id=\"779-c17\" class=\"d-flex w-100 align-items-center h-button justify-content-lg-center justify-content-md-center justify-content-center style-2648 style-local-779-c17 position-relative\"><!----><!----> <span>instagram<\/span><\/a>\n                    <\/span>\n                  <\/div>\n                <\/div>\n              <\/div>\n            <\/div>\n          <\/div>\n        <\/div>\n      <\/div>\n    <\/div>\n  <\/div>\n<\/div>","protected":false},"excerpt":{"rendered":"<p>Nous contacter Vous recherchez des informations sur notre ensemble vocal ? Vous d\u00e9sirez avoir de plus amples informations sur&nbsp;nos concerts ? Vous souhaitez nous rejoindre ? Contactez-nous en envoyant un message au&nbsp;06 62 92 73 34&nbsp;ou via les r\u00e9seaux sociaux Facebook, Twitter et Instagram, ou encore par mail \u00e0 omusicaweb@gmail.com. Nous vous r\u00e9pondrons dans les [&hellip;]<\/p>\n","protected":false},"author":1,"featured_media":0,"parent":1124,"menu_order":0,"comment_status":"closed","ping_status":"closed","template":"page-templates\/full-width-page.php","meta":{"_monsterinsights_skip_tracking":false,"_monsterinsights_sitenote_active":false,"_monsterinsights_sitenote_note":"","_monsterinsights_sitenote_category":0,"footnotes":""},"class_list":["post-779","page","type-page","status-publish","hentry"],"aioseo_notices":[],"_links":{"self":[{"href":"https:\/\/omusica.fr\/index.php?rest_route=\/wp\/v2\/pages\/779","targetHints":{"allow":["GET"]}}],"collection":[{"href":"https:\/\/omusica.fr\/index.php?rest_route=\/wp\/v2\/pages"}],"about":[{"href":"https:\/\/omusica.fr\/index.php?rest_route=\/wp\/v2\/types\/page"}],"author":[{"embeddable":true,"href":"https:\/\/omusica.fr\/index.php?rest_route=\/wp\/v2\/users\/1"}],"replies":[{"embeddable":true,"href":"https:\/\/omusica.fr\/index.php?rest_route=%2Fwp%2Fv2%2Fcomments&post=779"}],"version-history":[{"count":20,"href":"https:\/\/omusica.fr\/index.php?rest_route=\/wp\/v2\/pages\/779\/revisions"}],"predecessor-version":[{"id":5670,"href":"https:\/\/omusica.fr\/index.php?rest_route=\/wp\/v2\/pages\/779\/revisions\/5670"}],"up":[{"embeddable":true,"href":"https:\/\/omusica.fr\/index.php?rest_route=\/wp\/v2\/pages\/1124"}],"wp:attachment":[{"href":"https:\/\/omusica.fr\/index.php?rest_route=%2Fwp%2Fv2%2Fmedia&parent=779"}],"curies":[{"name":"wp","href":"https:\/\/api.w.org\/{rel}","templated":true}]}}